{"id":4851,"date":"2023-10-20T19:37:43","date_gmt":"2023-10-20T19:37:43","guid":{"rendered":"https:\/\/www.ankaanaokulu.com\/?page_id=4851"},"modified":"2023-10-30T11:57:19","modified_gmt":"2023-10-30T11:57:19","slug":"iletisim","status":"publish","type":"page","link":"https:\/\/www.ankaanaokulu.com\/index.php\/iletisim\/","title":{"rendered":"ileti\u015fim"},"content":{"rendered":"<section class=\"wpb-content-wrapper\"><p>[vc_row][vc_column width=&#8221;1\/2&#8243;][vc_custom_heading text=&#8221;Ula\u015f\u0131m ve \u0130leti\u015fim&#8221;][vc_column_text]<span style=\"font-size: 18pt; font-family: 'book antiqua', palatino, serif;\">E-mail : iletisim@ankaanaokulucom<\/span><br \/>\n<span style=\"font-size: 18pt; font-family: 'book antiqua', palatino, serif;\">Tel: 0 216 499 1209<\/span><br \/>\n<span style=\"font-size: 18pt; font-family: 'book antiqua', palatino, serif;\">Cep: 0530 790 9161<\/span>[\/vc_column_text][\/vc_column][vc_column width=&#8221;1\/2&#8243;][vc_gmaps link=&#8221;#E-8_JTNDaWZyYW1lJTIwc3JjJTNEJTIyaHR0cHMlM0ElMkYlMkZ3d3cuZ29vZ2xlLmNvbSUyRm1hcHMlMkZlbWJlZCUzRnBiJTNEJTIxMW0xNCUyMTFtOCUyMTFtMyUyMTFkMTIwNDIuMDI0MDg2OTc2OTczJTIxMmQyOS4xODQwOTUlMjEzZDQxLjAxNDE4NCUyMTNtMiUyMTFpMTAyNCUyMTJpNzY4JTIxNGYxMy4xJTIxM20zJTIxMW0yJTIxMXMweDE0Y2FjZmJiYmJhYjBmMjUlMjUzQTB4ZTZjYmJlYzU5NDUwMWMyNyUyMTJzQW5rYSUyNTIwQW5hb2t1bHUlMjE1ZTAlMjEzbTIlMjExc3RyJTIxMnN0ciUyMTR2MTY5ODY2NzAxMDUwMyUyMTVtMiUyMTFzdHIlMjEyc3RyJTIyJTIwd2lkdGglM0QlMjI2MDAlMjIlMjBoZWlnaHQlM0QlMjI0NTAlMjIlMjBzdHlsZSUzRCUyMmJvcmRlciUzQTAlM0IlMjIlMjBhbGxvd2Z1bGxzY3JlZW4lM0QlMjIlMjIlMjBsb2FkaW5nJTNEJTIybGF6eSUyMiUyMHJlZmVycmVycG9saWN5JTNEJTIybm8tcmVmZXJyZXItd2hlbi1kb3duZ3JhZGUlMjIlM0UlM0MlMkZpZnJhbWUlM0U=&#8221;][\/vc_column][\/vc_row]<\/p>\n<\/section>","protected":false},"excerpt":{"rendered":"<p>[vc_row][vc_column width=&#8221;1\/2&#8243;][vc_custom_heading text=&#8221;Ula\u015f\u0131m ve \u0130leti\u015fim&#8221;][vc_column_text]E-mail : iletisim@ankaanaokulucom Tel: 0 216 499 1209 Cep: 0530 790 9161[\/vc_column_text][\/vc_column][vc_column width=&#8221;1\/2&#8243;][vc_gmaps link=&#8221;#E-8_JTNDaWZyYW1lJTIwc3JjJTNEJTIyaHR0cHMlM0ElMkYlMkZ3d3cuZ29vZ2xlLmNvbSUyRm1hcHMlMkZlbWJlZCUzRnBiJTNEJTIxMW0xNCUyMTFtOCUyMTFtMyUyMTFkMTIwNDIuMDI0MDg2OTc2OTczJTIxMmQyOS4xODQwOTUlMjEzZDQxLjAxNDE4NCUyMTNtMiUyMTFpMTAyNCUyMTJpNzY4JTIxNGYxMy4xJTIxM20zJTIxMW0yJTIxMXMweDE0Y2FjZmJiYmJhYjBmMjUlMjUzQTB4ZTZjYmJlYzU5NDUwMWMyNyUyMTJzQW5rYSUyNTIwQW5hb2t1bHUlMjE1ZTAlMjEzbTIlMjExc3RyJTIxMnN0ciUyMTR2MTY5ODY2NzAxMDUwMyUyMTVtMiUyMTFzdHIlMjEyc3RyJTIyJTIwd2lkdGglM0QlMjI2MDAlMjIlMjBoZWlnaHQlM0QlMjI0NTAlMjIlMjBzdHlsZSUzRCUyMmJvcmRlciUzQTAlM0IlMjIlMjBhbGxvd2Z1bGxzY3JlZW4lM0QlMjIlMjIlMjBsb2FkaW5nJTNEJTIybGF6eSUyMiUyMHJlZmVycmVycG9saWN5JTNEJTIybm8tcmVmZXJyZXItd2hlbi1kb3duZ3JhZGUlMjIlM0UlM0MlMkZpZnJhbWUlM0U=&#8221;][\/vc_column][\/vc_row]<\/p>\n","protected":false},"author":1,"featured_media":0,"parent":0,"menu_order":0,"comment_status":"closed","ping_status":"closed","template":"","meta":{"footnotes":""},"class_list":["post-4851","page","type-page","status-publish","hentry"],"_links":{"self":[{"href":"https:\/\/www.ankaanaokulu.com\/index.php\/wp-json\/wp\/v2\/pages\/4851","targetHints":{"allow":["GET"]}}],"collection":[{"href":"https:\/\/www.ankaanaokulu.com\/index.php\/wp-json\/wp\/v2\/pages"}],"about":[{"href":"https:\/\/www.ankaanaokulu.com\/index.php\/wp-json\/wp\/v2\/types\/page"}],"author":[{"embeddable":true,"href":"https:\/\/www.ankaanaokulu.com\/index.php\/wp-json\/wp\/v2\/users\/1"}],"replies":[{"embeddable":true,"href":"https:\/\/www.ankaanaokulu.com\/index.php\/wp-json\/wp\/v2\/comments?post=4851"}],"version-history":[{"count":3,"href":"https:\/\/www.ankaanaokulu.com\/index.php\/wp-json\/wp\/v2\/pages\/4851\/revisions"}],"predecessor-version":[{"id":4907,"href":"https:\/\/www.ankaanaokulu.com\/index.php\/wp-json\/wp\/v2\/pages\/4851\/revisions\/4907"}],"wp:attachment":[{"href":"https:\/\/www.ankaanaokulu.com\/index.php\/wp-json\/wp\/v2\/media?parent=4851"}],"curies":[{"name":"wp","href":"https:\/\/api.w.org\/{rel}","templated":true}]}}